0 = 6*u - u - h. What are the prime factors of (u/(-2))/(1/(-20))?
2, 5
Let j = -37 - -57. List the prime factors of j.
2, 5
Let a = 171 + -102. List the prime factors of a.
3, 23
Let m = -131 - -446. What are the prime factors of m?
3, 5, 7
Let b(t) = -10*t + 8. Let r(i) = i - 1. Let j(n) = b(n) + 5*r(n). What are the prime factors of j(-6)?
3, 11
Suppose 2*c = -c + 72. Suppose -3*b + 52 = 4*s - 0*b, -4*s + 4*b + c = 0. List the prime factors of s.
2, 5
Let r = -46 + 82. Suppose -r = -x + 4*x. Let i(z) = -z**3 - 13*z**2 - 13*z - 9. What are the prime factors of i(x)?
3
Suppose 0 = 5*g - 5*v - 50, g - 9 - 7 = -v. Let r = -9 - g. What are the prime factors of (-9)/(-6) + r/(-4)?
7
Suppose 0*r + 1 = -r, 0 = -5*p + 4*r + 19. Suppose -1 = -3*l - 5*k, 2*l + 0*l - 2*k = -10. Let b = p - l. What are the prime factors of b?
2, 3
What are the prime factors of (-2 - -158) + (6 - 4)?
2, 79
Let q(i) = 8*i**3 - 10*i**2 - 26*i + 56. Let z(g) = 3*g**3 - 3*g**2 - 9*g + 19. Let v(b) = 4*q(b) - 11*z(b). List the prime factors of v(-7).
2, 5
Suppose 0 = -2*z - 2*z + 20. Suppose 0*f + 25 = 5*f. Suppose -48 = -3*c + z*n, f*c + 3*n - 35 = c. What are the prime factors of c?
11
Let p = 2 - 2. Suppose p*b = -b + 2. Suppose 36 = 6*g - b*g. What are the prime factors of g?
3
Let g(f) = -f**2 - 11*f + 4. List the prime factors of g(-8).
2, 7
Suppose 285 = 3*v + 4*q, 3*q + 0 = -9. What are the prime factors of v?
3, 11
Suppose -5*p + 39 = 9. List the prime factors of p.
2, 3
Let c = -21 - -29. Suppose 2*h - c = 10. Suppose -3*j + 0*j = -h. List the prime factors of j.
3
Let t be (12/5)/(8/60). Suppose 4*g - t = 26. What are the prime factors of g?
11
Suppose k + 10 = j, -2*j + 5*j + 10 = -5*k. Suppose 3*v = -j*o + 47, v - 4*o = -0*v + 10. What are the prime factors of v?
2, 7
Suppose -r = 3*r - 68. List the prime factors of r.
17
Suppose 0 = -5*y, -5*t + 10*t - 5 = -2*y. Suppose 2*k + t = 3*k. Let q = k + 2. What are the prime factors of q?
3
Suppose -4*o + q + q + 4 = 0, q = 3*o - 4. Suppose -5*u = -2*b - u + 6, -o*b + 15 = -u. List the prime factors of b.
3
Suppose -3*q - 50 = -q. Let i = q + 37. List the prime factors of i.
2, 3
Let u(j) = -j**3 + 2*j**2 + 1. Let o be u(3). Let v = o - -10. Suppose x + v*x + 26 = 2*b, 4*b - x - 42 = 0. List the prime factors of b.
2, 5
Let c be (-20)/(-6) - (-3)/(-9). Suppose 27 = z + 2*d + 1, -c*d + 47 = 2*z. Let m = 28 - z. List the prime factors of m.
2, 3
Let c(z) = 2*z. Let h be c(1). Suppose h = f - 2. Suppose 14 = f*m - 2*m. What are the prime factors of m?
7
Suppose 328 = 4*c + 2*u, 2*c - 32 - 126 = 2*u. What are the prime factors of c?
3
What are the prime factors of (2 - -4)/((-4)/(-22))?
3, 11
Let w be ((-12)/10)/(2/(-5)). Let g(y) = y**3 + 3*y**2 - y - 4. Let b be g(-3). List the prime factors of 0 + (10 - (b + w)).
2
Let u(a) = -a - 1. Let o be u(-1). Let k(i) = i**2 - i + 8. List the prime factors of k(o).
2
Let h(i) = -i**2 + 6*i + 3. Let q be h(7). Let f = 33 + q. Suppose 5*z = z + 4*x + 52, 5*z = -4*x + f. List the prime factors of z.
3
Let k(l) = l + 10. Let t = -59 - -37. Let a = t - -15. What are the prime factors of k(a)?
3
Let s be (8/(-3))/(8/(-12)). Suppose i = 2*g + 19, 7*i - s*i = 2*g + 57. List the prime factors of i.
19
Let u(a) = -21*a**2 + 4*a + 7. Let w(n) be the first derivative of 31*n**3/3 - 3*n**2 - 10*n + 1. Let b(q) = 7*u(q) + 5*w(q). List the prime factors of b(-1).
3
Suppose 2*z = -4*t + 46, -5 = -t + z + 5. What are the prime factors of t?
11
Suppose -5*s + 4*m + 29 = -0*m, 5*s = -5*m + 65. Let u = 15 - s. Suppose 4*h - u = -5*f + 60, 2*h = 5*f - 72. List the prime factors of f.
2, 7
Suppose q = -4*q + 565. List the prime factors of q.
113
List the prime factors of 126/4 + 4/(-8).
31
List the prime factors of (-6 + 3 + 2)*(-79 - -1).
2, 3, 13
Let w = -63 + 35. Let k be (-244)/w + (-4)/(-14). Let a = 19 - k. What are the prime factors of a?
2, 5
Suppose 163 = 3*a - 32. List the prime factors of a.
5, 13
Let v(k) be the second derivative of k**3/6 + k**2/2 - 2*k. Let z be v(0). List the prime factors of (-5)/(1 + z + -3).
5
Suppose 2*p - 7 = -3*q + 7, 3 = q + p. Suppose x + 3*s + q = 0, -3*x + 5*x - s = 19. List the prime factors of x.
7
List the prime factors of 3 - 4/(8/(-62)).
2, 17
Suppose -u = -5*m - 8, -2*u = 2*m + 2*m - 16. What are the prime factors of (6 - 3)*(u + -1)?
3, 7
Suppose -15 = 2*o - 5*o. Suppose -16 = 3*m - o*m. What are the prime factors of m?
2
Let q(z) = -z**3 - 5*z**2 + z + 6. Let x be q(-5). What are the prime factors of (x - 4)*220/(-15)?
2, 11
Suppose 0*h - 5*a + 177 = -3*h, -5*a = 3*h + 207. Let l = -44 - h. List the prime factors of l.
2, 5
Suppose -r = -2 + 4, 0 = 5*y + 2*r - 41. Suppose 0 = -3*z + 7 + 5. Suppose -30 = -y*n + z*n. List the prime factors of n.
2, 3
Let q = -7 + 4. Let i(x) = -6*x. List the prime factors of i(q).
2, 3
Let j = 2 - 6. List the prime factors of (3 - 1)/((-2)/j).
2
Let z be (-80)/36 - (-2)/9. Let i be (-1)/(z + (-65)/(-33)). Let w = i + -23. List the prime factors of w.
2, 5
Let a(x) = -x**3 - 7*x**2 + x - 9. Let s be 7*(2/(-2))/1. Let b be a(s). Let c = 23 + b. What are the prime factors of c?
7
Suppose -2*x - 3*x = 0. Suppose 0*y + 5*y - 90 = x. What are the prime factors of y?
2, 3
Let d(l) = l + 6 + 3*l**2 - 5*l + l. List the prime factors of d(3).
2, 3
Suppose -8 = 5*c - 2*x, -6*c + 3*c + 16 = 4*x. Suppose 4*r = 3*m - 155, 0 = -2*m - c*m + r + 100. What are the prime factors of m?
7
Suppose 4*k = 5*r + 49, 2*k + 0*k = -5*r - 43. Let h be -6*((-12)/r)/2. List the prime factors of h/(-8) + (-18)/(-4).
5
Suppose -k - j + 54 = 0, 2*k - 38 = k - 5*j. List the prime factors of k.
2, 29
Let q(t) = -t**2 - 3*t + 1. Let h be q(-5). Let c(d) be the second derivative of d**4/12 + 3*d**3/2 + 6*d**2 - d. What are the prime factors of c(h)?
2, 3
Suppose 0 = -8*x + 3*x + 5*w - 25, 2*w - 8 = 0. Let z = 7 + x. List the prime factors of z.
2, 3
Suppose -5*f + 27 = -2*s - 5, 2*s = f. Suppose 48 = 4*v + o - f, -28 = -2*v - 4*o. What are the prime factors of v?
2, 7
Let s(i) = -10*i**3 - 25*i**2 - 6*i - 17. Let k(c) = 3*c**3 + 8*c**2 + 2*c + 6. Let l(x) = -7*k(x) - 2*s(x). List the prime factors of l(-6).
2
Let u(g) be the third derivative of -g**4/8 + g**3/2 + 2*g**2. What are the prime factors of u(-4)?
3, 5
Suppose 16 = 4*x - 16. Suppose -75 = -x*k + 3*k. What are the prime factors of k?
3, 5
Let v(j) = -j + 2*j + 0*j + 2 - 2*j. Let l be v(-3). What are the prime factors of 78/8 - l/(-20)?
2, 5
Let s = -349 + 545. What are the prime factors of s?
2, 7
Suppose -9 = 2*o - 5*o. Suppose 5*x + 175 = c + 673, 3*c - 486 = -5*x. Suppose o*b - z = 61, x = 5*b - 0*b + z. List the prime factors of b.
2, 5
Suppose 2*t + 3*t = 30. List the prime factors of t/(-4)*22/(-3).
11
Let g(u) = u**3 - 11*u**2 + 11*u - 4. What are the prime factors of g(10)?
2, 3
Suppose -2*i = i - 87. List the prime factors of i.
29
List the prime factors of 125/40 - (-3)/(-24) - -2.
5
Let l = 20 + 6. What are the prime factors of l?
2, 13
Let h(y) = -y**3 + y + 109. What are the prime factors of h(0)?
109
Let c be 1/4 - 46/(-8). Suppose 0 = 3*q + c*k - 2*k - 148, -5*k = 2*q - 101. Suppose -4*w + 22 = 3*b, -2*w - 2*w = -4*b + q. List the prime factors of b.
2, 5
Let v = 80 - 1. List the prime factors of v.
79
Let l(r) = r**2 + r - 1. Let w be l(4). Suppose 0 = 4*t + 20 + 16. Let v = t + w. What are the prime factors of v?
2, 5
Let o = -4 + 1. What are the prime factors of (-16)/(-6) - o/9?
3
What are the prime factors of 325 - 3/(-9)*0*1?
5, 13
Suppose 4*d - 1010 = -3*o, o - 192 - 143 = -3*d. List the prime factors of o.
2, 13
Let s be 18/5*(-20)/(-6). Let i(x) = -x**2 + 13*x + 11. What are the prime factors of i(s)?
23
Let v be 2/4 + (-23)/(-2). What are the prime factors of v/(2 - 1) - 1?
11
Let z(j) = 4*j + 18. What are the prime factors of z(16)?
2, 41
Let r = 126 + -62. What are the prime factors of r?
2
Let u(a) = a**3 - 6*a**2 - 11*a + 7. What are the prime factors of u(8)?
47
Suppose 4*z + 5*h - 4 = 33, -3*z + 5*h = -54. List the prime factors of z.
13
Let j be (-2 - -2)/(-4) + -34. Let f = 63 + j. What are the prime factors of f?
29
Suppose 4*q + 13 - 45 = 0. Suppose k = -0*k + 3*n - q, 0 = 2*k - 2*n. List the prime factors of k.
2
Let y(x) = x**2 - 5 + 0*x - x + x - 3*x. Let p